80?
False
Is 2490 a multiple of 61?
False
Does 106 divide 1975?
False
Does 15 divide 160?
False
Is 307 a multiple of 6?
False
Does 6 divide 57816?
True
Is 225 a multiple of 165?
False
Does 6 divide 3336?
True
Is 8232 a multiple of 49?
True
Does 128 divide 3968?
True
Is 58580 a multiple of 33?
False
Is 75 a factor of 17550?
True
Is 7788 a multiple of 132?
True
Is 94 a factor of 30231?
False
Is 6 a factor of 1944?
True
Does 28 divide 33?
False
Does 17 divide 34?
True
Is 104 a factor of 20454?
False
Is 53 a factor of 8533?
True
Is 12 a factor of 28956?
True
Is 36 a multiple of 10?
False
Is 15 a factor of 2895?
True
Is 18 a factor of 3546?
True
Is 5094 a multiple of 74?
False
Is 538 a multiple of 57?
False
Does 18 divide 1476?
True
Is 2240 a multiple of 224?
True
Is 15 a factor of 47683?
False
Is 364 a multiple of 14?
True
Is 29173 a multiple of 44?
False
Does 10 divide 95627?
False
Is 35 a factor of 4235?
True
Is 14 a factor of 11214?
True
Is 16 a factor of 1007?
False
Is 27 a factor of 44?
False
Is 2232 a multiple of 62?
True
Does 94 divide 9796?
False
Does 14 divide 1965?
False
Is 68 a factor of 73894?
False
Is 24 a factor of 29479?
False
Does 19 divide 22451?
False
Does 14 divide 1302?
True
Is 48 a factor of 50160?
True
Is 23689 a multiple of 9?
False
Is 18 a factor of 373?
False
Does 23 divide 2990?
True
Does 14 divide 1218?
True
Is 10258 a multiple of 40?
False
Is 42 a factor of 21616?
False
Is 19 a factor of 741?
True
Does 60 divide 22965?
False
Is 81 a factor of 10530?
True
Does 104 divide 39123?
False
Is 4 a factor of 5956?
True
Is 28012 a multiple of 13?
False
Is 17 a factor of 15929?
True
Is 37 a factor of 592?
True
Is 45 a factor of 2790?
True
Does 13 divide 16016?
True
Does 84 divide 1201?
False
Does 12 divide 3132?
True
Is 5784 a multiple of 24?
True
Is 43 a factor of 9345?
False
Does 106 divide 7738?
True
Is 89 a factor of 12282?
True
Is 1135 a multiple of 5?
True
Is 182 a factor of 34093?
False
Does 13 divide 26843?
False
Is 320 a factor of 2880?
True
Is 17 a multiple of 17?
True
Is 104 a multiple of 52?
True
Does 15 divide 21307?
False
Is 3 a factor of 5406?
True
Does 136 divide 1291?
False
Does 15 divide 10925?
False
Does 13 divide 1807?
True
Is 12 a factor of 39795?
False
Does 37 divide 13357?
True
Is 5331 a multiple of 11?
False
Does 22 divide 8304?
False
Is 14440 a multiple of 152?
True
Is 3663 a multiple of 9?
True
Is 1877 a multiple of 4?
False
Does 3 divide 5595?
True
Is 14 a factor of 224?
True
Does 26 divide 802?
False
Does 258 divide 29168?
False
Is 523 a factor of 60668?
True
Is 11401 a multiple of 11?
False
Does 3 divide 675?
True
Does 31 divide 669?
False
Is 1982 a multiple of 12?
False
Does 60 divide 4620?
True
Does 17 divide 838?
False
Does 73 divide 1711?
False
Does 35 divide 29505?
True
Is 2180 a multiple of 10?
True
Is 48 a factor of 1875?
False
Is 3573 a multiple of 8?
False
Is 40056 a multiple of 6?
True
Is 23 a factor of 12213?
True
Is 2193 a multiple of 51?
True
Is 2071 a multiple of 109?
True
Is 112 a factor of 6113?
False
Is 11 a factor of 32868?
True
Is 9 a factor of 930?
False
Does 22 divide 506?
True
Is 12 a factor of 180?
True
Is 5 a multiple of 5?
True
Is 7032 a multiple of 6?
True
Does 4 divide 6763?
False
Does 21 divide 1974?
True
Is 32 a factor of 5536?
True
Does 51 divide 416?
False
Is 8115 a multiple of 71?
False
Is 57 a factor of 399?
True
Is 1967 a multiple of 30?
False
Does 6 divide 468?
True
Does 14 divide 847?
False
Is 952 a multiple of 89?
False
Is 15 a factor of 1360?
False
Does 8 divide 488?
True
Does 6 divide 204?
True
Is 5 a factor of 440?
True
Does 25 divide 907?
False
Does 37 divide 7558?
False
Does 14 divide 13776?
True
Does 38 divide 13376?
True
Is 30 a factor of 1986?
False
Does 9 divide 3474?
True
Is 24 a factor of 21605?
False
Is 3 a factor of 3780?
True
Is 103676 a multiple of 50?
False
Is 352 a multiple of 73?
False
Is 12 a factor of 2652?
True
Does 197 divide 58874?
False
Does 49 divide 18054?
False
Does 27 divide 5508?
True
Does 2 divide 394?
True
Is 8584 a multiple of 29?
True
Does 5 divide 230?
True
Does 93 divide 2679?
False
Is 22 a factor of 44?
True
Does 18 divide 326?
False
Is 2147 a multiple of 9?
False
Is 29 a factor of 186?
False
Is 583 a multiple of 13?
False
Is 14 a factor of 4952?
False
Does 293 divide 93760?
True
Is 137 a factor of 6439?
True
Is 1884 a multiple of 25?
False
Is 76 a factor of 18392?
True
Is 8 a factor of 536?
True
Is 12 a factor of 708?
True
Is 32 a factor of 20960?
True
Does 132 divide 15840?
True
Does 14 divide 532?
True
Does 49 divide 5684?
True
Is 8 a factor of 1474?
False
Does 109 divide 10563?
False
Does 50 divide 1336?
False
Is 26396 a multiple of 6?
False
Does 26 divide 32682?
True
Does 60 divide 3315?
False
Does 60 divide 3660?
True
Is 32 a factor of 710?
False
Is 3 a factor of 914?
False
Does 32 divide 4056?
False
Does 63 divide 15793?
False
Is 19 a factor of 13097?
False
Is 7683 a multiple of 41?
False
Does 9 divide 6356?
False
Does 5 divide 1324?
False
Does 7 divide 245?
True
Is 47376 a multiple of 126?
True
Is 1798 a multiple of 4?
False
Is 501 a multiple of 27?
False
Does 75 divide 731?
False
Is 6 a factor of 28260?
True
Is 26 a factor of 1183?
False
Is 33 a factor of 13365?
True
Is 30 a factor of 1760?
False
Does 16 divide 4768?
True
Does 9 divide 20070?
True
Is 55 a factor of 7965?
False
Is 4269 a multiple of 54?
False
Does 139 divide 13477?
False
Is 36 a factor of 4530?
False
Is 149 a factor of 8376?
False
Is 166 a factor of 10126?
True
Is 173 a multiple of 21?
False
Does 71 divide 23315?
False
Is 8766 a multiple of 55?
False
Is 7 a factor of 11751?
False
Is 5480 a multiple of 8?
True
Is 800 a multiple of 10?
True
Is 1266 a multiple of 24?
False
Is 66 a factor of 264?
True
Is 35 a factor of 4230?
False
Does 5 divide 2403?
False
Is 41 a factor of 133821?
False
Is 49352 a multiple of 62?
True
Is 28 a factor of 3276?
True
Is 53 a factor of 29256?
True
Is 182 a multiple of 11?
False
Is 504 a multiple of 6?
True
Is 19 even?
False
Is 37 even?
False
Is 2720 a multiple of 7?
False
Is 74 a factor of 633?
False
Is 22 a factor of 25482?
False
Is 31 a factor of 3193?
True
Is 985 a multiple of 5?
True
Does 12 divide 276?
True
Is 7 a factor of 367?
False
Is 58 a factor of 15196?
True
Does 10 divide 520?
True
Does 45 divide 5120?
False
Is 2312 a multiple of 10?
False
Does 7 divide 50?
False
Does 7 divide 154?
True
Is 512 a multiple of 22?
False
Is 53221 a multiple of 131?
False
Is 10688 a multiple of 64?
True
Does 22 divide 5271?
False
Is 68060 a multiple of 164?
True
Is 22 a factor of 5852?
True
Is 67 a factor of 3184?
False
Is 20460 a multiple of 23?
False
Does 12 divide 1274?
False
Does 24 divide 4464?
True
Does 34 divide 2965?
False
Is 28 a factor of 108694?
False
Is 12220 a multiple of 13?
True
Is 15 a factor of 48?
False
Is 58 a factor of 34568?
True
Does 44 divide 22058?
False
Is 9 a factor of 18?
True
Is 48 a multiple of 24?
True
Is 18 a factor of 1962?
True
Is 164 a factor of 13940?
True
Is 15900 a multiple of 45?
False
Does 5 divide 8479?
False
Is 22 a factor of 3947?
False
Is 97 a factor of 1164?
True
Does 38 divide 37428?
False
Is 2210 a multiple of 34?
True
Is 15834 a multiple of 29?
True
Is 31 a factor of 1479?
False
Does 7 divide 854?
True
Is 15496 a multiple of 13?
True
Does 4 divide 220?
True
Is 17114 a multiple of 57?
False
Is 204 a multiple of 3?
True
Is 53 a factor of 59668?
False
Does 4 divide 17214?
False
Does 16 divide 13792?
True
Does 29 divide 20207?
False
Is 244 a factor of 12200?
True
Is 25 a factor of 150?
True
Does 10 divide 1220?
True
Is 1723 a multiple of 51?
False
Does 71 divide 1633?
True
Is 74 a factor of 7992?
True
Is 3545 a multiple of 79?
False
Is 452 a multiple of 2?
True
Does 14 divide 59850?
True
Is 9 a factor of 2214?
True
Is 930 a multiple of 146?
False
Does 23 divide 6279?
True
Is 47 a factor of 6674?
True
Is 11 a factor of 1462?
False
Is 2 a factor of 5883?
False
Does 33 divide 732?
False
Is 5 a factor of 2430?
True
Does 34 divide 737?
False
Does 8 divide 71?
False
Is 558 a multiple of 9?
True
Does 13 divide 856?
False
Does 175 divide 42594?
False
Does 10 divide 1020?
True
Does 116 divide 116?
True
Is 28 a factor of 2330?
False
Is 27 a factor of 4497?
False
Does 64 divide 11200?
True
Is 3 a factor 